23, 0 = -2*q - 3*k + 4 + 1. Let o be q/(-2*2/8). What is the remainder when 7 is divided by o + -4 + 3*1?
1
Suppose 0 = 5*l - 0*l - z - 204, 3*l - 128 = 2*z. Calculate the remainder when l is divided by -2*26/(-4) + 1.
12
Let h(k) = -k**2 + 3*k - 2. Let r be h(3). Let d = -5 + 6. Calculate the remainder when 29 is divided by (-7 + d)*5/r.
14
Let v be 9/7 - 4/14. Let g = v + 8. What is the remainder when 24 is divided by g?
6
Let f(h) = h**3 + 7*h**2 + 2*h + 1. Suppose 7*u + 24 = 3*u. Calculate the remainder when f(u) is divided by 5*(12/15 - -2).
11
Suppose 1 = 3*j + 5*w - 10, 1 = j - w. Let i = 0 + j. Suppose i*d = 5*t - 5, -2*d = 2*d - 4*t - 20. Calculate the remainder when 29 is divided by d.
9
Suppose 4 = 2*q - 0. Let g(t) = 21*t**2 + t - 1. Calculate the remainder when g(1) is divided by (6 - -5) + q + -2.
10
Let c = -3 + -6. Let p = c - -14. What is the remainder when 7 is divided by (1*-8)/((-10)/p)?
3
Suppose -2*h + 2*p = -96, -2*h + p + 97 = -0*h. Suppose -r + 4*k = -23, -3*k - 13 + 4 = 0. Let d = 6 + r. What is the remainder when h is divided by d?
15
Let s = -7 - -10. What is the remainder when 23 is divided by 23/s - (-6)/18?
7
Suppose 0*b = 4*b - 48. Let g(z) = 2*z**2 - 5*z - 8. What is the remainder when g(6) is divided by b?
10
Suppose 4*n + 8 = q, -q + 5*q - 50 = -2*n. Calculate the remainder when 22 is divided by q.
10
Suppose -3*m - 282 = -3*x, 4*x + 3*m - 533 + 122 = 0. Calculate the remainder when x is divided by 35.
29
Suppose -t + 17 = -12. Let c(s) = -3*s - 23. Calculate the remainder when t is divided by c(-11).
9
Suppose 9 = 4*p - 11. Let f(l) = -l**3 + 5*l**2 + 6*l - 2. Let h be f(6). Let q = 12 - h. Calculate the remainder when q is divided by p.
4
Let q = -91 + 117. Calculate the remainder when 206 is divided by q.
24
Suppose -7*r + 2*r + 2*l = -139, 4*r - 104 = 4*l. Suppose 1 = 5*g - 49. Calculate the remainder when r is divided by g.
9
Let c = 40 - 27. Let k = 67 - 42. Calculate the remainder when k is divided by c.
12
Suppose -2*w + 8 = -2. Suppose -w*g = -103 - 2. Calculate the remainder when g is divided by 12.
9
Let c(v) = -3*v**3 + 5 + v**3 + 6*v + v**3 - 8*v**2 + 0*v**3. What is the remainder when c(-9) is divided by 17?
15
Let x = 37 + -5. Calculate the remainder when 124 is divided by x.
28
Let c = -1 + 3. Let p(v) = v - 5. What is the remainder when p(9) is divided by c?
0
Let z(j) = j**2 - 3. Suppose d - 2*l + 1 = 0, 0 = 5*d + 3*l - 17 - 4. Calculate the remainder when 17 is divided by z(d).
5
Let q = 17 + 30. Let n = 43 - 27. Calculate the remainder when q is divided by n.
15
Suppose p - 63 = -2*p. Calculate the remainder when p is divided by 3.
0
Suppose -v = -2*y + 81, 2*v = -4*y - v + 177. What is the remainder when y is divided by 26?
16
Suppose 0 = 2*h + 3*h - 40. Let b(i) = -i**3 + 6*i**2 + 10*i - 7. Calculate the remainder when b(7) is divided by h.
6
Suppose t + 2*w - 146 = -3*t, -2*t = -3*w - 69. What is the remainder when t is divided by 13?
10
Suppose -65 - 35 = -5*d. Let f = -50 + 87. What is the remainder when f is divided by d?
17
Let m(s) = -11*s**3 - 2*s - 1. Suppose -123 = -j - 21. Suppose 4*p + 5*d - j = 0, 2*p = 3*p - 2*d - 19. What is the remainder when p is divided by m(-1)?
11
Let q = 75 - 40. Suppose -5*t - 4*o = -11, -3*t - 6*o = -2*o - 5. Suppose t*p - 44 = -17. What is the remainder when q is divided by p?
8
Let s(u) = 2*u**3 - 2*u**2 + 29. Suppose -2*i + 275 = 3*i. Calculate the remainder when i is divided by s(0).
26
Let u(z) = 2*z + 4. Let w(o) = -o + 1. Let y(m) = u(m) + w(m). Calculate the remainder when 55 is divided by y(9).
13
Let b(u) = -3*u - 1. What is the remainder when 77 is divided by b(-9)?
25
Let r(t) = 8*t. Let v(s) = s - 1. Let n(k) = r(k) - 4*v(k). Let w be n(3). Suppose 0 = -2*d + 4*d - w. Calculate the remainder when 22 is divided by d.
6
Suppose 0 = 2*v + 3*z - 2, -6*v - 2*z - 17 = -v. Let s(o) = 2*o**2 + 7*o + 4. Calculate the remainder when 54 is divided by s(v).
16
Let s = 80 - 74. Calculate the remainder when 15 is divided by s.
3
Suppose -3*o = o - w - 161, 2*o = w + 83. What is the remainder when o is divided by 14?
11
Let k = -3 - -74. What is the remainder when k is divided by 12?
11
Let c = -6 + 9. Suppose -25 = -w + r, 4*r + 34 = 4*w - 3*w. Suppose b = -y - b + w, 2*y - c*b = 37. What is the remainder when 59 is divided by y?
19
Let u = 11 - -31. What is the remainder when u is divided by 24?
18
Let w(m) = -7*m - 1. Calculate the remainder when ((-2)/4)/((-3)/228) is divided by w(-2).
12
Let t(r) = r**3 + 5*r**2 - 8*r - 6. Calculate the remainder when (-158)/(-10) - (-6)/30 is divided by t(-6).
4
Let v be (-3 + 4 - 6)/(-1). Suppose 0 = v*t - 12 + 2. Suppose t*p - 26 = 5*a, 4*a + 22 = p + p. What is the remainder when p is divided by 1?
0
Let q(g) = g**2 - 2*g - 22. What is the remainder when q(8) is divided by 14?
12
Let p = 836 - 414. Suppose -103 - p = -5*v. Suppose -a - v = -6*a. Calculate the remainder when a is divided by 11.
10
Suppose 0 = 5*q + 4*x - 7*x - 224, q - 38 = 4*x. What is the remainder when q is divided by 16?
14
Let k be (22/(-1))/(-1 - -2). Let b = k + 62. Suppose -2*f + 2*d + 24 = 0, -d + 60 = 4*f + d. What is the remainder when b is divided by f?
12
Let j(g) = -5*g - 12. Calculate the remainder when 37 is divided by j(-5).
11
Suppose 0 = 5*h + 2 - 7, 3*i + 2*h - 110 = 0. Calculate the remainder when 69 is divided by i.
33
Suppose 5*p - 50 = -4*i, -2*p - i + 2*i = -7. Let n = 102 + -80. Calculate the remainder when n is divided by p.
4
Let n(s) = -13*s + 4. Let t(j) = j**3 - 7*j**2 + 10*j - 9. Let k be (-4 + (-28)/(-10))*-5. What is the remainder when n(-3) is divided by t(k)?
13
Let g = 12 + -14. Let p(o) = o**2 - 2*o + 1. What is the remainder when p(3) is divided by g/(-2 - -4)*-3?
1
Let d be ((-2)/(-4)*0)/2. Suppose -f + 1 = -d*f. Calculate the remainder when f is divided by 1.
0
Calculate the remainder when (-1)/(-3) + (-20)/(-3) is divided by 5.
2
Let c be (-15)/6*4/(-2). Suppose -10 = -c*q + 4*q. Calculate the remainder when 29 is divided by q.
9
Let l = 92 + -54. Let j = l - -22. Calculate the remainder when 8 is divided by 4/6*j/8.
3
Suppose 0*y + 21 = 3*y. What is the remainder when 11 is divided by y?
4
Let i(u) = -4*u + 0*u - 2*u - 6 - u**2 + 0*u**2. What is the remainder when i(-4) is divided by 2?
0
Let d be (-3)/21 + 2/14. Suppose d = -2*k - 3*k + 345. What is the remainder when k is divided by 18?
15
Let t = -98 - -111. Suppose 3*h - c - 43 = 0, c - 27 = -3*h + h. Suppose 2*x - 3*x - 21 = -3*r, -2*x + h = 2*r. Calculate the remainder when t is divided by r.
6
Let p(v) = 60*v - 2. Let h be p(2). Suppose h - 34 = 4*k. Calculate the remainder when k is divided by 8.
5
Let l(r) = r**2 - 4*r + 4. Let d(u) = -u + 51. What is the remainder when d(38) is divided by l(4)?
1
Suppose -m - r + 46 = -2*r, -3*r = 5*m - 254. Calculate the remainder when m is divided by 10.
9
Let u be (206/4)/(5/50). What is the remainder when u/30 - (-2)/(-12) is divided by 6?
5
Suppose 3*s + 5*t - 9 = 2*t, -18 = -4*s - t. Calculate the remainder when 38/2*1 - 1 is divided by s.
3
Let v(u) = u**3 - 13*u**2 + 39*u + 13. What is the remainder when v(10) is divided by 26?
25
Let d = -48 + 101. Let j = -31 + d. What is the remainder when j is divided by 8?
6
Suppose c + 0*c - 3 = 0. Let r(g) = g - 2. Let k be r(-2). Let s = k + 14. What is the remainder when s is divided by c?
1
Let v(y) = -2*y**3 - 8*y**2 - 5*y - 8. What is the remainder when v(-5) is divided by 14?
11
Suppose 146*k - 122*k - 2280 = 0. Let c(i) = i**3 - 2*i + 3. What is the remainder when k is divided by c(3)?
23
Suppose -n - 2*n = -15. Suppose -4*i - 17 = -m, 2*m - 32 + 20 = -3*i. Calculate the remainder when m is divided by n.
4
Let g = -57 - -127. What is the remainder when g is divided by 18?
16
Suppose -21 - 33 = -3*z. Calculate the remainder when z is divided by 4 + 1 - (-1 + -1).
4
Suppose -2*x + 4 - 2 = 0. Suppose 4*v = x + 7. What is the remainder when v is divided by (2/(-6))/((-2)/6)?
0
What is the remainder when 25 is divided by (-18)/(-63) - 78/(-21)?
1
Let m(r) = r**3 + 9*r**2 - 11*r + 1. Let c = -4 - 6. What is the remainder when 43 is divided by m(c)?
10
What is the remainder when (168/70)/((-2)/(-45)) is divided by 5?
4
Let y(p) = -p**3 - 6*p**2 - 4*p - 3.